22 (base 9) in base 8?
-3654
What is -1440 (base 7) in base 2?
-1000110111
Convert 1212201 (base 3) to base 15.
614
-112001 (base 3) to base 16
-17b
Convert -68 (base 15) to base 2.
-1100010
What is 1ff (base 16) in base 13?
304
What is -50 (base 10) in base 13?
-3b
What is 6409 (base 10) in base 8?
14411
Convert 25109 (base 12) to base 4.
30101121
Convert 10010010100 (base 2) to base 7.
3263
Convert -1101101101 (base 2) to base 12.
-611
What is 34300 (base 7) in base 13?
3c7c
-63aa (base 13) to base 8
-33005
What is 2024113 (base 5) in base 14?
c077
411342 (base 5) to base 8
32043
88 (base 10) to base 11
80
164 (base 15) to base 5
2234
What is 186 (base 15) in base 7?
1011
Convert -16c (base 16) to base 15.
-194
What is -1544 (base 8) in base 4?
-31210
What is 100111100001101 (base 2) in base 3?
1000202112
-4313 (base 5) to base 9
-717
2c3 (base 16) to base 4
23003
What is 9927 (base 14) in base 9?
40308
-3314 (base 5) to base 8
-713
-118b (base 13) to base 10
-2481
Convert -12317 (base 8) to base 14.
-1d27
-1010010111 (base 2) to base 11
-553
-422 (base 10) to base 2
-110100110
What is -3d30 (base 16) in base 3?
-210111011
Convert 100000011011000 (base 2) to base 10.
16600
1864 (base 11) to base 10
2369
Convert 9041 (base 14) to base 12.
123a9
Convert 1222001 (base 3) to base 11.
1092
10403 (base 5) to base 15
338
What is -41333 (base 6) in base 2?
-1010110011001
-130606 (base 7) to base 8
-57366
33e (base 16) to base 12
592
Convert 42232 (base 5) to base 2.
101100000001
-234354 (base 7) to base 10
-42375
Convert 10202201202 (base 3) to base 2.
10010000110110010
What is -117 (base 11) in base 8?
-213
What is 1bd (base 15) in base 2?
110010011
-10110111 (base 2) to base 12
-133
1339 (base 14) to base 15
1008
What is 1344112 (base 5) in base 16?
6d80
What is 1100121 (base 3) in base 2?
1111011100
-386 (base 15) to base 7
-2223
What is 1da5d (base 14) in base 5?
4414011
What is -3010 (base 6) in base 7?
-1623
Convert -11773 (base 8) to base 15.
-17b0
What is 11 (base 13) in base 7?
20
-12623 (base 12) to base 16
-61fb
c19 (base 13) to base 11
15a4
-272 (base 15) to base 2
-1000101101
Convert 607 (base 14) to base 8.
2237
-104022 (base 6) to base 5
-234104
Convert 22120 (base 4) to base 9.
817
-625 (base 13) to base 14
-549
14030 (base 13) to base 14
d8a8
420430 (base 5) to base 2
11011000101001
What is -23a6 (base 13) in base 5?
-130122
What is -19325 (base 14) in base 16?
-f8f5
What is -416 (base 14) in base 7?
-2226
-112345 (base 6) to base 9
-14202
What is -1001000000010 (base 2) in base 9?
-6282
What is -31273 (base 8) in base 14?
-4a39
-1102211001 (base 3) to base 13
-cb59
What is -111011100100 (base 2) in base 14?
-1564
1ab5 (base 13) to base 6
30403
161 (base 14) to base 6
1145
Convert 82bb (base 13) to base 6.
215352
3485 (base 10) to base 5
102420
2703 (base 8) to base 13
896
-1292 (base 14) to base 9
-4426
Convert -110100022 (base 3) to base 5.
-241444
What is 66642 (base 7) in base 6?
205420
310 (base 13) to base 6
2224
Convert -3759 (base 16) to base 14.
-5241
Convert -3125 (base 15) to base 10.
-10385
-2001 (base 6) to base 15
-1dd
Convert -114d (base 15) to base 4.
-321121
Convert 491 (base 11) to base 12.
408
What is 182 (base 16) in base 4?
12002
Convert -827 (base 10) to base 16.
-33b
Convert -4893 (base 11) to base 14.
-248a
What is -4fda (base 16) in base 15?
-60cc
What is -16cbc (base 14) in base 12?
-29272
-21111200 (base 3) to base 6
-41200
-1413 (base 9) to base 5
-13230
What is -53416 (base 7) in base 4?
-3032323
Convert 16 (base 9) to base 11.
14
-114 (base 7) to base 13
-48
46412 (base 7) to base 12
6a4b
What is 660 (base 10) in base 14?
352
What is a4b5 (base 15) in base 4?
20200010
What is 5347 (base 8) in base 5?
42131
Convert -100011110101001 (base 2) to base 8.
-43651
Convert -2216 (base 9) to base 16.
-663
24803 (base 9) to base 7
66441
What is -39 (base 10) in base 7?
-54
cb6 (base 15) to base 2
101100110111
Convert 41b1 (base 14) to base 11.
8568
101200 (base 4) to base 9
1474
21002212 (base 3) to base 11
398a
What is 8db5 (base 15) in base 9?
45248
What is 222 (base 9) in base 11?
156
Convert -11111011011111 (base 2) to base 8.
-37337
1120 (base 8) to base 4
21100
What is -257 (base 11) in base 16?
-130
-3725 (base 15) to base 3
-121002122
What is 197 (base 13) in base 10?
293
Convert -563 (base 7) to base 2.
-100100010
6360 (base 7) to base 8
4307
-264b (base 15) to base 5
-230141
-13ac (base 15) to base 9
-5700
What is -21a (base 15) in base 4?
-13123
Convert 211151 (base 8) to base 11.
48863
-f65 (base 16) to base 11
-2a63
What is -101221220 (base 3) in base 5?
-223424
3235 (base 9) to base 14
c21
What is -35751 (base 10) in base 4?
-20232213
What is 240 (base 9) in base 2?
11000110
566 (base 11) to base 3
221002
What is 396 (base 10) in base 4?
12030
Convert 2599 (base 13) to base 4.
1103311
-2565 (base 10) to base 6
-15513
Convert 286 (base 15) to base 6.
2400
What is 60 (base 11) in base 13?
51
-3e95 (base 15) to base 2
-11010001100111
Convert -d8cb (base 14) to base 11.
-26128
What is 111201111 (base 3) in base 10?
10003
-16a2 (base 12) to base 3
-10201112
-17875 (base 12) to base 10
-34073
110001100000 (base 2) to base 3
11100100
Convert -1245 (base 11) to base 4.
-121112
What is -42 (base 10) in base 3?
-1120
What is 32012 (base 4) in base 12?
632
-355 (base 14) to base 5
-10123
Convert 464523 (base 7) to base 5.
10131033
Convert -112211110 (base 3) to base 10.
-10812
3131 (base 7) to base 4
101030
Convert 256 (base 14) to base 6.
2100
Convert -34b3 (base 13) to base 11.
-562a
42a7 (base 15) to base 2
11011100011011
What is -86 (base 12) in base 2?
-1100110
-1937 (base 15) to base 9
-7427
Convert -c46 (base 15) to base 9.
-3713
1741 (base 13) to base 6
23521
Convert -55 (base 7) to base 11.
-37
Convert 1113122 (base 4) to base 9.
7605
-164c (base 13) to base 4
-303023
What is -3088 (base 9) in base 16?
-8db
Convert -3530 (base 8) to base 3.
-2120122
What is -292 (base 12) in base 3?
-112202
-233414 (base 5) to base 9
-12725
Convert -110010011 (base 2) to base 14.
-20b
-1100100100101 (base 2) to base 3
-22211102
-383 (base 15) to base 2
-1100011110
What is 1002 (base 3) in base 11?
27
What is -61 (base 12) in base 7?
-133
bb20 (base 14) to base 16
7e70
862 (base 11) to base 5
13121
What is -101000000101100 (base 2) in base 15?
-6134
Convert 105345 (base 6) to base 3.
110100002
What is -513334 (base 6) in base 7?
-230254
Convert -921 (base 12) to base 10.
-1321
Convert 1431 (base 6) to base 11.
315
-614 (base 7) to base 6
-1225
What is 543 (base 12) in base 6?
3323
What is 10101000 (base 2) in base 6?
440
14287 (base 10) to base 14
52c7
Convert -38a9 (base 13) to base 2.
-1111110010010
-14743 (base 10) to base 16
-3997
What is 234105 (base 7) in base 15?
c7b3
1111101011 (base 2) to base 4
33223
-1838 (base 10) to base 14
-954
Convert -3eae (base 16) to base 15.
-4b4b
What is 1022 (base 12) in base 2?
11011011010
What is -2ed6 (base 15) in base 5?
-310401
Convert -1001 (base 6) to base 9.
-261
17777 (base 8) to base 13
3961
55001 (base 6) to base 3
101101001
What is baa (base 12) in base 14?
8a6
-1020 (base 5) to base 10
-135
What is d7a (base 16) in base 11?
2657
What is -44020 (base 5) in base 7?
-11530
What is 42031 (base 8) in base 14?
64d3
-3102 (base 6) to base 2
-1010101110
4330 (base 5) to base 3
210212
What is -212020 (base 3) in base 14?
-32b
Convert -1a27 (base 13) to base 7.
-14300
What is 13122011 (base 4) in base 6?
352245
-10002012 (base 3) to base 2
-100011000110
What is -33c4 (base 15) in base 14?
-4008
What is -28613 (base 10) in base 7?
-146264
Convert -22431 (base 5) to base 3.
-2012212
-1425 (base 7) to base 14
-2bc
1248 (base 16) to base 12
2860
Convert -57ab (base 16) to base 4.
-11132223
-97ae (base 16) to base 12
-1a57a
-12050 (base 9) to base 13
-3894
What is 57 (base 10) in base 3?
2010
Convert 290 (base 11) to base 13.
203
What is -10404 (base 7) in base 12?
-1609
890 (base 12) to base 15
590
What is 1111111101 (base 2) in base 10?
1021
What is 10100001101 (base 2) in base 4?
110031
1210131 (base 4) to base 6
45433
What is 1341022 (base 6) in base 7?
432551
Convert 12840 (base 12) to base 5.
1303032
Convert -5a1 (base 15) to base 7.
-3502
What is -45e (base 15) in base 9?